{"id":24,"date":"2023-06-25T11:09:45","date_gmt":"2023-06-25T11:09:45","guid":{"rendered":"https:\/\/www.elternforum-schule-rafz.ch\/?page_id=24"},"modified":"2026-03-25T19:47:21","modified_gmt":"2026-03-25T19:47:21","slug":"kontakt","status":"publish","type":"page","link":"https:\/\/www.elternforum-schule-rafz.ch\/?page_id=24","title":{"rendered":"Kontakt"},"content":{"rendered":"\n<h2 class=\"wp-block-heading\">Wir freuen uns auf Ihre Kontaktaufnahme<\/h2>\n\n\n\n<p id=\"u4667-5\">Sie m\u00fcssen nicht Mitglied des Elternforums sein. Sie m\u00fcssen auch nicht Eltern schulpflichtiger Kinder sein. Das Elternforum Schule Rafz freut sich \u00fcber engagierte Rafzerinnen und Rafzer, die sich im Rahmen unserer Projekte f\u00fcr die Kinder einsetzen m\u00f6chten. Sind Sie dabei?<\/p>\n\n\n\n<p id=\"u4667-7\">Wir sind auch offen f\u00fcr neue Ideen und freuen uns \u00fcber Kritik und Anregungen.<\/p>\n\n\n\n<div class=\"wp-block-buttons is-layout-flex wp-block-buttons-is-layout-flex\">\n<div class=\"wp-block-button\"><a class=\"wp-block-button__link wp-element-button\" href=\"mailto:christian.mundt@elternforum-schule-rafz.ch\">Email<\/a><\/div>\n<\/div>\n\n\n\n<p><\/p>\n","protected":false},"excerpt":{"rendered":"<p>Wir freuen uns auf Ihre Kontaktaufnahme Sie m\u00fcssen nicht Mitglied des Elternforums sein. Sie m\u00fcssen auch nicht Eltern schulpflichtiger Kinder sein. Das Elternforum Schule Rafz freut sich \u00fcber engagierte Rafzerinnen und Rafzer, die sich im Rahmen unserer Projekte f\u00fcr die Kinder einsetzen m\u00f6chten. Sind Sie dabei? Wir sind auch offen f\u00fcr neue Ideen und freuen&hellip; <a class=\"more-link\" href=\"https:\/\/www.elternforum-schule-rafz.ch\/?page_id=24\"><span class=\"screen-reader-text\">Kontakt<\/span> weiterlesen<\/a><\/p>\n","protected":false},"author":3,"featured_media":0,"parent":0,"menu_order":0,"comment_status":"closed","ping_status":"closed","template":"","meta":{"footnotes":""},"class_list":["post-24","page","type-page","status-publish","hentry","entry"],"_links":{"self":[{"href":"https:\/\/www.elternforum-schule-rafz.ch\/index.php?rest_route=\/wp\/v2\/pages\/24","targetHints":{"allow":["GET"]}}],"collection":[{"href":"https:\/\/www.elternforum-schule-rafz.ch\/index.php?rest_route=\/wp\/v2\/pages"}],"about":[{"href":"https:\/\/www.elternforum-schule-rafz.ch\/index.php?rest_route=\/wp\/v2\/types\/page"}],"author":[{"embeddable":true,"href":"https:\/\/www.elternforum-schule-rafz.ch\/index.php?rest_route=\/wp\/v2\/users\/3"}],"replies":[{"embeddable":true,"href":"https:\/\/www.elternforum-schule-rafz.ch\/index.php?rest_route=%2Fwp%2Fv2%2Fcomments&post=24"}],"version-history":[{"count":4,"href":"https:\/\/www.elternforum-schule-rafz.ch\/index.php?rest_route=\/wp\/v2\/pages\/24\/revisions"}],"predecessor-version":[{"id":128,"href":"https:\/\/www.elternforum-schule-rafz.ch\/index.php?rest_route=\/wp\/v2\/pages\/24\/revisions\/128"}],"wp:attachment":[{"href":"https:\/\/www.elternforum-schule-rafz.ch\/index.php?rest_route=%2Fwp%2Fv2%2Fmedia&parent=24"}],"curies":[{"name":"wp","href":"https:\/\/api.w.org\/{rel}","templated":true}]}}